564652788?
6
What is the hundreds digit of 43244434?
4
What is the millions digit of 45717082?
5
What is the units digit of 2686401840?
0
What is the billions digit of 3207886667?
3
What is the hundreds digit of 96983242?
2
What is the ten millions digit of 51135796?
5
What is the units digit of 42330837?
7
What is the millions digit of 7284933?
7
What is the ten millions digit of 3241787667?
4
What is the billions digit of 1418717431?
1
What is the millions digit of 20267057?
0
What is the ten millions digit of 42970820?
4
What is the ten thousands digit of 235241712?
4
What is the ten millions digit of 8070153711?
7
What is the hundreds digit of 144777389?
3
What is the ten thousands digit of 328799903?
9
What is the hundred thousands digit of 51663199?
6
What is the tens digit of 288217254?
5
What is the tens digit of 16211378?
7
What is the ten thousands digit of 480974662?
7
What is the thousands digit of 35773646?
3
What is the hundreds digit of 1645262511?
5
What is the ten millions digit of 412077890?
1
What is the thousands digit of 229297647?
7
What is the units digit of 3005115751?
1
What is the hundred thousands digit of 66817244?
8
What is the tens digit of 1080516944?
4
What is the millions digit of 135383192?
5
What is the ten millions digit of 64014342?
6
What is the hundreds digit of 125343099?
0
What is the thousands digit of 620900261?
0
What is the hundreds digit of 547671445?
4
What is the hundreds digit of 45027965?
9
What is the ten thousands digit of 406543163?
4
What is the tens digit of 41342789?
8
What is the millions digit of 36957393?
6
What is the ten millions digit of 421170265?
2
What is the units digit of 49944323?
3
What is the tens digit of 4195341133?
3
What is the hundred millions digit of 5685550720?
6
What is the units digit of 181780332?
2
What is the tens digit of 727911359?
5
What is the thousands digit of 37366615?
6
What is the thousands digit of 291161774?
1
What is the hundred thousands digit of 113557116?
5
What is the hundred thousands digit of 38418813?
4
What is the hundreds digit of 17158731?
7
What is the thousands digit of 59009546?
9
What is the ten thousands digit of 439767729?
6
What is the ten millions digit of 1016600028?
1
What is the tens digit of 77511262?
6
What is the hundreds digit of 19974842?
8
What is the hundred millions digit of 4929620374?
9
What is the hundred thousands digit of 22823868?
8
What is the hundred millions digit of 565604494?
5
What is the thousands digit of 38996395?
6
What is the ten thousands digit of 766380785?
8
What is the ten thousands digit of 27737849?
3
What is the millions digit of 93635461?
3
What is the tens digit of 127523734?
3
What is the ten thousands digit of 331770969?
7
What is the units digit of 12065773?
3
What is the thousands digit of 3635551829?
1
What is the hundred thousands digit of 262661922?
6
What is the hundreds digit of 1589932948?
9
What is the hundred thousands digit of 1843001641?
0
What is the ten thousands digit of 34273201?
7
What is the millions digit of 19583013?
9
What is the ten thousands digit of 33048102?
4
What is the tens digit of 6072849990?
9
What is the thousands digit of 14917354?
7
What is the ten millions digit of 207539183?
0
What is the ten millions digit of 138051838?
3
What is the thousands digit of 69133030?
3
What is the ten millions digit of 512987637?
1
What is the units digit of 249541984?
4
What is the units digit of 6656621519?
9
What is the thousands digit of 46684437?
4
What is the hundreds digit of 68940101?
1
What is the hundreds digit of 1533977183?
1
What is the ten millions digit of 126962444?
2
What is the tens digit of 4796227774?
7
What is the ten millions digit of 449057496?
4
What is the millions digit of 98329372?
8
What is the hundred thousands digit of 39427489?
4
What is the millions digit of 70105374?
0
What is the hundreds digit of 3973563786?
7
What is the ten thousands digit of 363202195?
0
What is the millions digit of 962898666?
2
What is the ten thousands digit of 145282396?
8
What is the units digit of 87909157?
7
What is the hundreds digit of 82228207?
2
What is the millions digit of 4074406232?
4
What is the ten thousands digit of 3195546622?
4
What is the millions digit of 31314218?
1
What is the hundreds digit of 303875495?
4
What is the units digit of 3779933061?
1
What is the tens digit of 1293581969?
6
What is the thousands digit of 109970775?
0
What is the thousands digit of 273789591?
9
What is the hundred thousands digit of 1214802086?
8
What is the tens digit of 7551402453?
5
What is the ten thousands digit of 99155174?
5
What is the thousands digit of 5106139?
6
What is the thousands digit of 62514542?
4
What is the thousands digit of 15114586?
4
What is the tens digit of 172128674?
7
What is the hundred thousands digit of 129278981?
2
What is the hundreds digit of 231087736?
7
What is the tens digit of 63977751?
5
What is the ten millions digit of 606624377?
0
What is the hundred millions digit of 7206426057?
2
What is the hundred thousands digit of 110963314?
9
What is the millions digit of 1724991347?
4
What is the millions digit of 5380515?
5
What is the billions digit of 1720213716?
1
What is the units digit of 1154572669?
9
What is the hundreds digit of 188422645?
6
What is the tens digit of 116434352?
5
What is the ten thousands digit of 464496182?
9
What is the hundreds digit of 760757294?
2
What is the ten millions digit of 180204867?
8
What is the thousands digit of 267288339?
8
What is the ten millions digit of 54864136?
5
What is the tens digit of 531537114?
1
What is the ten millions digit of 138084430?
3
What is the ten millions digit of 40882319?
4
What is the hundreds digit of 38133075?
0
What is the billions digit of 1025920670?
1
What is the ten millions digit of 234594027?
3
What is the hundred thousands digit of 30794900?
7
What is the ten millions digit of 126767489?
2
What is the ten thousands digit of 2284904793?
0
What is the hundreds digit of 417968401?
4
What is the hundred thousands digit of 4637355?
6
What is the hundred millions digit of 815809639?
8
What is the billions digit of 1788044292?
1
What is the hundred millions digit of 222077284?
2
What is the tens digit of 696775182?
8
What is the tens digit of 557341526?
2
What is the ten millions digit of 1290263448?
9
What is the hundreds digit of 517028775?
7
What is the units digit of 2445182347?
7
What is the hundred millions digit of 386449011?
3
What is the hundred millions digit of 6846916977?
8
What is the thousands digit of 2266679483?
9
What is the tens digit of 38031324?
2
What is the hundred millions digit of 8791208962?
7
What is the units digit of 5011717425?
5
What is the millions digit of 42830577?
2
What is the thousands digit of 244440531?
0
What is the tens digit of 62897078?
7
What is the hundreds digit of 110393487?
4
What is the millions digit of 6839932010?
9
What is the thousands digit of 30157896?
7
What is the hundred thousands digit of 417274925?
2
What is the thousands digit of 220596837?
6
What is the hundreds digit of 690422264?
2
What is the ten thousands digit of 31016606?
1
What is the tens digit of 3457655111?
1
What is the billions digit of 5123625109?
5
What is the tens digit of 181697622?
2
What is the thousands digit of 1792223621?
3
What is the millions digit of 1059061751?
9
What is the millions digit of 675605650?
5
What is the hundred thousands digit of 224240136?
2
What is the ten thousands digit of 417085744?
8
What is the thousands digit of 2342567190?
7
What is the thousands digit of 149918711?
8
What is the hundred thousands digit of 388320921?
3
What is the hundreds digit of 611474708?
7
What is the hundreds digit of 1769834871?
8
What is the hundred millions digit of 2318560574?
3
What is the ten millions digit of 398288697?
9
What is the tens digit of 174502430?
3
What is the units digit of 3109609625?
5
What is the tens digit of 1997183589?
8
What is the billions digit of 1460403585?
1
What is the hundred thousands digit of 965093071?
0
What is the tens digit of 46584160?
6
What is the units digit of 28471365?
5
What is the hundred millions digit of 1282283380?
2
What is the hundred thousands digit of 2652677575?
6
What is the hund